

{"id":3535,"date":"2020-01-29T11:13:14","date_gmt":"2020-01-29T10:13:14","guid":{"rendered":"https:\/\/happybytes.no\/?page_id=3535"},"modified":"2020-01-29T11:13:14","modified_gmt":"2020-01-29T10:13:14","slug":"endring-mars-2020","status":"publish","type":"page","link":"https:\/\/happybytes.no\/bedrift\/endring-mars-2020\/","title":{"rendered":"Varsel om prisendring &#8211; mars 2020"},"content":{"rendered":"\n<style type=\"text\/css\" data-created_by=\"avia_inline_auto\" id=\"style-css-av-jlxlxe2m-edffc117eaded9e3b3b79add98243a12\">\n.avia-section.av-jlxlxe2m-edffc117eaded9e3b3b79add98243a12{\nbackground-color:#faf9f7;\nbackground-image:unset;\n}\n.avia-section.av-jlxlxe2m-edffc117eaded9e3b3b79add98243a12 .av-section-color-overlay{\nopacity:0.4;\nbackground-color:#000000;\n}\n<\/style>\n<div id='av-center-align-columns'  class='avia-section av-jlxlxe2m-edffc117eaded9e3b3b79add98243a12 main_color avia-section-default avia-no-border-styling  avia-builder-el-0  el_before_av_section  avia-builder-el-first  avia-bg-style-scroll av-section-color-overlay-active av-minimum-height av-minimum-height-custom av-height-custom  container_wrap fullsize'   data-av_minimum_height_px='300'><div class=\"av-section-color-overlay-wrap\"><div class=\"av-section-color-overlay\"><\/div><div class='container av-section-cont-open' style='height:300px'><main  role=\"main\" itemprop=\"mainContentOfPage\"  class='template-page content  av-content-full alpha units'><div class='post-entry post-entry-type-page post-entry-3535'><div class='entry-content-wrapper clearfix'>\n<\/div><\/div><\/main><!-- close content main element --><\/div><\/div><\/div>\n<style type=\"text\/css\" data-created_by=\"avia_inline_auto\" id=\"style-css-av-jlxlxe2m-2d3826cc390b77b4600a563a123e68fd\">\n.avia-section.av-jlxlxe2m-2d3826cc390b77b4600a563a123e68fd{\nbackground-color:#faf9f7;\nbackground-image:unset;\nmargin-top:0px;\nmargin-bottom:0px;\n}\n.avia-section.av-jlxlxe2m-2d3826cc390b77b4600a563a123e68fd .av-extra-border-element .av-extra-border-inner{\nbackground-color:#faf9f7;\n}\n<\/style>\n<div id='av-center-align-columns'  class='avia-section av-jlxlxe2m-2d3826cc390b77b4600a563a123e68fd main_color avia-section-default avia-no-shadow  avia-builder-el-1  el_after_av_section  avia-builder-el-last  avia-bg-style-scroll av-arrow-down-section container_wrap fullsize'  ><div class='container av-section-cont-open' ><div class='template-page content  av-content-full alpha units'><div class='post-entry post-entry-type-page post-entry-3535'><div class='entry-content-wrapper clearfix'>\n\n<style type=\"text\/css\" data-created_by=\"avia_inline_auto\" id=\"style-css-av-7o74-7723f99a7a241074e0a9b1175c32f653\">\n@keyframes av_boxShadowEffect_av-7o74-7723f99a7a241074e0a9b1175c32f653-column {\n0%   { box-shadow:  0 0 0 0 rgba(0,0,0,0.3); opacity: 1; }\n100% { box-shadow:  0 0 10px 0 rgba(0,0,0,0.3); opacity: 1; }\n}\n#top .flex_column.av-7o74-7723f99a7a241074e0a9b1175c32f653{\nmargin-top:-150px;\nmargin-bottom:0px;\n}\n.flex_column.av-7o74-7723f99a7a241074e0a9b1175c32f653{\nbox-shadow: 0 0 10px 0 rgba(0,0,0,0.3);\nborder-radius:15px 15px 15px 15px;\npadding:30px 30px 30px 30px;\nbackground-color:#ffffff;\n}\n.responsive #top #wrap_all .flex_column.av-7o74-7723f99a7a241074e0a9b1175c32f653{\nmargin-top:-150px;\nmargin-bottom:0px;\n}\n<\/style>\n<div  class='flex_column av-7o74-7723f99a7a241074e0a9b1175c32f653 av_three_fifth  avia-builder-el-2  avia-builder-el-no-sibling  kundebrev first no_margin flex_column_div shadow-not-animated  '     ><section  class='av_textblock_section av-k1upbt1y-08f1bb5bfb4c57fc22962259c7c3c691 '   itemscope=\"itemscope\" itemtype=\"https:\/\/schema.org\/CreativeWork\" ><div class='avia_textblock'  itemprop=\"text\" ><h1 style=\"text-align: left\">Vi endrer m\u00e5nedsprisen p\u00e5 Flex fra 1. mars<\/h1>\n<p style=\"text-align: left\">30.januar 2020<\/p>\n<hr \/>\n<\/div><\/section><br \/>\n<section  class='av_textblock_section av-jxkibhf5-c64956945389a37ec8f67885055a5c3a '   itemscope=\"itemscope\" itemtype=\"https:\/\/schema.org\/CreativeWork\" ><div class='avia_textblock'  itemprop=\"text\" ><h2 style=\"text-align: left\">N\u00e5 f\u00e5r du mer inkludert<\/h2>\n<p style=\"text-align: left\"><strong>Nordmenn bruker stadig mer mobildata. Dette gjelder ogs\u00e5 v\u00e5re kunder. Happybytes foretar derfor en endring i b\u00e5de innhold og pris p\u00e5 v\u00e5rt Flex-abonnement fra 1. mars 2020.\u00a0\u00a0<\/strong><\/p>\n<hr \/>\n<h3 style=\"text-align: left\"><strong>Hva er nytt:<\/strong><\/h3>\n<p style=\"text-align: left\">Fra 1. mars inkluderer vi 500 MB mobildata i abonnementet. Samtidig \u00f8ker vi m\u00e5nedsprisen fra kr 50,- til kr 70,-. Bruk av mobildata utover 500 MB vil fortsatt bli belastet basert p\u00e5 din bruk.<\/p>\n<p style=\"text-align: left\">Innholdet i Flex-abonnementet vil fra 1.mars 2020 v\u00e6re:<\/p>\n<ul>\n<li style=\"text-align: left\">&#8211; 500 MB mobildata til bruk i Norge og EU\/E\u00d8S<\/li>\n<li style=\"text-align: left\">&#8211; Fri bruk av tale og meldinger i Norge og EU\/E\u00d8S<\/li>\n<li style=\"text-align: left\">&#8211; Gratis bruk av BankID<\/li>\n<li style=\"text-align: left\">&#8211; Telenor-dekning<\/li>\n<li>&#8211; Billigst p\u00e5 bruk i utlandet<\/li>\n<\/ul>\n<hr \/>\n<h3 style=\"text-align: left\"><strong>Hvorfor endrer dere prisene:<\/strong><\/h3>\n<p style=\"text-align: left\">Happybytes er, som det fremg\u00e5r av navnet, en mobiloperat\u00f8r som er opptatt av at kundene skal v\u00e6re forn\u00f8yde. Vi kommer allerede i slutten av februar med flere gode nyheter som vi er sikre p\u00e5 at du vil like.<\/p>\n<p style=\"text-align: left\">Med fri bruk av tale og meldinger, gratis BankID og full Telenor-dekning, er Flex fortsatt det billigste abonnementet i markedet for folk flest.<\/p>\n<hr \/>\n<h3><b data-stringify-type=\"bold\">Hva med oss som ikke bruker mobildata? <\/b><\/h3>\n<p style=\"text-align: left\">Det er mange hensyn \u00e5 ta n\u00e5r vi gj\u00f8r slike endringer. Kunder som i dag ikke bruker mobildata vil se en liten pris\u00f8kning basert p\u00e5 de endringene vi n\u00e5 gj\u00f8r. Det har derfor v\u00e6rt viktig for oss at vi fortsatt er billigst, ogs\u00e5 for de som ikke bruker mobildata. Og det er vi. Det er ingen som er billigere enn oss p\u00e5 fri bruk av tale og meldinger etter pris\u00f8kningen 1.mars.<\/p>\n<p style=\"text-align: left\">Kunder som bruker mobildata vil derimot oppleve at totalprisen g\u00e5r ned. En kunde som f.eks bruker 500 MB data betaler i dag 152,80. Fra 1.mars vil denne kunden betale 70,-. Dermed vil de fleste av v\u00e5re kunder spare penger p\u00e5 endringen.<\/p>\n<h3 style=\"text-align: left\"><strong>Hvordan vil jeg merke endringen?<\/strong><\/h3>\n<p style=\"text-align: left\">N\u00e5 i februar vil du ikke merke noen ting. Fakturaen som vi sender ut i begynnelsen av februar vil inneholde m\u00e5nedsprisen for februar p\u00e5 kr 50,- pluss eventuelt forbruk i januar. Fra 1.mars vil vi legge til 500MB mobildata i ditt abonnement, og fakturaen som sendes ut i begynnelsen av mars vil inneholde den nye m\u00e5nedsprisen p\u00e5 kr 70,-.<\/p>\n<hr \/>\n<p style=\"text-align: left\"><strong>Vennlig hilsen,<\/strong><\/p>\n<p style=\"text-align: left\"><strong>Happybytes<\/strong><\/p>\n<\/div><\/section><\/p><\/div>\n","protected":false},"excerpt":{"rendered":"","protected":false},"author":2,"featured_media":3543,"parent":0,"menu_order":0,"comment_status":"closed","ping_status":"open","template":"","meta":{"inline_featured_image":false,"footnotes":""},"class_list":["post-3535","page","type-page","status-publish","has-post-thumbnail","hentry"],"yoast_head":"<!-- This site is optimized with the Yoast SEO plugin v24.5 - https:\/\/yoast.com\/wordpress\/plugins\/seo\/ -->\n<title>Happybytes - Varsel om endring i Happybytes Flex fra 1. Mars 2020<\/title>\n<meta name=\"description\" content=\"P\u00e5 denne siden finner du informasjon om prisendringen som vil komme p\u00e5 v\u00e5rt Flex-abonnement fra 1. mars 2020 vil inneb\u00e6re og hvrfor den gjennomf\u00f8res\" \/>\n<meta name=\"robots\" content=\"index, follow, max-snippet:-1, max-image-preview:large, max-video-preview:-1\" \/>\n<link rel=\"canonical\" href=\"https:\/\/happybytes.no\/bedrift\/endring-mars-2020\/\" \/>\n<meta property=\"og:locale\" content=\"nb_NO\" \/>\n<meta property=\"og:type\" content=\"article\" \/>\n<meta property=\"og:title\" content=\"Happybytes - Varsel om endring i Happybytes Flex fra 1. Mars 2020\" \/>\n<meta property=\"og:description\" content=\"P\u00e5 denne siden finner du informasjon om prisendringen som vil komme p\u00e5 v\u00e5rt Flex-abonnement fra 1. mars 2020 vil inneb\u00e6re og hvorfor den gjennomf\u00f8res.\" \/>\n<meta property=\"og:url\" content=\"https:\/\/happybytes.no\/bedrift\/endring-mars-2020\/\" \/>\n<meta property=\"og:site_name\" content=\"Happybytes Bedrift\" \/>\n<meta property=\"og:image\" content=\"https:\/\/happybytes.no\/bedrift\/wp-content\/uploads\/sites\/2\/2024\/06\/hb_bedrift_front_sectionimage_01-1.jpg\" \/>\n\t<meta property=\"og:image:width\" content=\"1920\" \/>\n\t<meta property=\"og:image:height\" content=\"1280\" \/>\n\t<meta property=\"og:image:type\" content=\"image\/jpeg\" \/>\n<meta name=\"twitter:card\" content=\"summary_large_image\" \/>\n<meta name=\"twitter:title\" content=\"Happybytes - Varsel om endring i Happybytes Flex fra 1. Mars 2020\" \/>\n<meta name=\"twitter:description\" content=\"P\u00e5 denne siden finner du informasjon om prisendringen som vil komme p\u00e5 v\u00e5rt Flex-abonnement fra 1. mars 2020 vil inneb\u00e6re og hvorfor den gjennomf\u00f8res.\" \/>\n<meta name=\"twitter:label1\" content=\"Ansl. lesetid\" \/>\n\t<meta name=\"twitter:data1\" content=\"4 minutter\" \/>\n<script type=\"application\/ld+json\" class=\"yoast-schema-graph\">{\"@context\":\"https:\/\/schema.org\",\"@graph\":[{\"@type\":\"WebPage\",\"@id\":\"https:\/\/happybytes.no\/bedrift\/endring-mars-2020\/\",\"url\":\"https:\/\/happybytes.no\/bedrift\/endring-mars-2020\/\",\"name\":\"Happybytes - Varsel om endring i Happybytes Flex fra 1. Mars 2020\",\"isPartOf\":{\"@id\":\"https:\/\/happybytes.no\/bedrift\/#website\"},\"primaryImageOfPage\":{\"@id\":\"https:\/\/happybytes.no\/bedrift\/endring-mars-2020\/#primaryimage\"},\"image\":{\"@id\":\"https:\/\/happybytes.no\/bedrift\/endring-mars-2020\/#primaryimage\"},\"thumbnailUrl\":\"\",\"datePublished\":\"2020-01-29T10:13:14+00:00\",\"description\":\"P\u00e5 denne siden finner du informasjon om prisendringen som vil komme p\u00e5 v\u00e5rt Flex-abonnement fra 1. mars 2020 vil inneb\u00e6re og hvrfor den gjennomf\u00f8res\",\"breadcrumb\":{\"@id\":\"https:\/\/happybytes.no\/bedrift\/endring-mars-2020\/#breadcrumb\"},\"inLanguage\":\"nb-NO\",\"potentialAction\":[{\"@type\":\"ReadAction\",\"target\":[\"https:\/\/happybytes.no\/bedrift\/endring-mars-2020\/\"]}]},{\"@type\":\"ImageObject\",\"inLanguage\":\"nb-NO\",\"@id\":\"https:\/\/happybytes.no\/bedrift\/endring-mars-2020\/#primaryimage\",\"url\":\"\",\"contentUrl\":\"\"},{\"@type\":\"BreadcrumbList\",\"@id\":\"https:\/\/happybytes.no\/bedrift\/endring-mars-2020\/#breadcrumb\",\"itemListElement\":[{\"@type\":\"ListItem\",\"position\":1,\"name\":\"Hjem\",\"item\":\"https:\/\/happybytes.no\/bedrift\/forside\/\"},{\"@type\":\"ListItem\",\"position\":2,\"name\":\"Varsel om prisendring &#8211; mars 2020\"}]},{\"@type\":\"WebSite\",\"@id\":\"https:\/\/happybytes.no\/bedrift\/#website\",\"url\":\"https:\/\/happybytes.no\/bedrift\/\",\"name\":\"Happybytes Bedrift\",\"description\":\"Smart mobilabonnement \u2013 tilpasset din bedrift\",\"publisher\":{\"@id\":\"https:\/\/happybytes.no\/bedrift\/#organization\"},\"potentialAction\":[{\"@type\":\"SearchAction\",\"target\":{\"@type\":\"EntryPoint\",\"urlTemplate\":\"https:\/\/happybytes.no\/bedrift\/?s={search_term_string}\"},\"query-input\":{\"@type\":\"PropertyValueSpecification\",\"valueRequired\":true,\"valueName\":\"search_term_string\"}}],\"inLanguage\":\"nb-NO\"},{\"@type\":\"Organization\",\"@id\":\"https:\/\/happybytes.no\/bedrift\/#organization\",\"name\":\"Happybytes AS\",\"url\":\"https:\/\/happybytes.no\/bedrift\/\",\"logo\":{\"@type\":\"ImageObject\",\"inLanguage\":\"nb-NO\",\"@id\":\"https:\/\/happybytes.no\/bedrift\/#\/schema\/logo\/image\/\",\"url\":\"https:\/\/happybytes.no\/bedrift\/wp-content\/uploads\/sites\/2\/2024\/06\/meta_bedrift-1.jpg\",\"contentUrl\":\"https:\/\/happybytes.no\/bedrift\/wp-content\/uploads\/sites\/2\/2024\/06\/meta_bedrift-1.jpg\",\"width\":1920,\"height\":1080,\"caption\":\"Happybytes AS\"},\"image\":{\"@id\":\"https:\/\/happybytes.no\/bedrift\/#\/schema\/logo\/image\/\"}}]}<\/script>\n<!-- \/ Yoast SEO plugin. -->","yoast_head_json":{"title":"Happybytes - Varsel om endring i Happybytes Flex fra 1. Mars 2020","description":"P\u00e5 denne siden finner du informasjon om prisendringen som vil komme p\u00e5 v\u00e5rt Flex-abonnement fra 1. mars 2020 vil inneb\u00e6re og hvrfor den gjennomf\u00f8res","robots":{"index":"index","follow":"follow","max-snippet":"max-snippet:-1","max-image-preview":"max-image-preview:large","max-video-preview":"max-video-preview:-1"},"canonical":"https:\/\/happybytes.no\/bedrift\/endring-mars-2020\/","og_locale":"nb_NO","og_type":"article","og_title":"Happybytes - Varsel om endring i Happybytes Flex fra 1. Mars 2020","og_description":"P\u00e5 denne siden finner du informasjon om prisendringen som vil komme p\u00e5 v\u00e5rt Flex-abonnement fra 1. mars 2020 vil inneb\u00e6re og hvorfor den gjennomf\u00f8res.","og_url":"https:\/\/happybytes.no\/bedrift\/endring-mars-2020\/","og_site_name":"Happybytes Bedrift","og_image":[{"width":1920,"height":1280,"url":"https:\/\/happybytes.no\/bedrift\/wp-content\/uploads\/sites\/2\/2024\/06\/hb_bedrift_front_sectionimage_01-1.jpg","type":"image\/jpeg"}],"twitter_card":"summary_large_image","twitter_title":"Happybytes - Varsel om endring i Happybytes Flex fra 1. Mars 2020","twitter_description":"P\u00e5 denne siden finner du informasjon om prisendringen som vil komme p\u00e5 v\u00e5rt Flex-abonnement fra 1. mars 2020 vil inneb\u00e6re og hvorfor den gjennomf\u00f8res.","twitter_misc":{"Ansl. lesetid":"4 minutter"},"schema":{"@context":"https:\/\/schema.org","@graph":[{"@type":"WebPage","@id":"https:\/\/happybytes.no\/bedrift\/endring-mars-2020\/","url":"https:\/\/happybytes.no\/bedrift\/endring-mars-2020\/","name":"Happybytes - Varsel om endring i Happybytes Flex fra 1. Mars 2020","isPartOf":{"@id":"https:\/\/happybytes.no\/bedrift\/#website"},"primaryImageOfPage":{"@id":"https:\/\/happybytes.no\/bedrift\/endring-mars-2020\/#primaryimage"},"image":{"@id":"https:\/\/happybytes.no\/bedrift\/endring-mars-2020\/#primaryimage"},"thumbnailUrl":"","datePublished":"2020-01-29T10:13:14+00:00","description":"P\u00e5 denne siden finner du informasjon om prisendringen som vil komme p\u00e5 v\u00e5rt Flex-abonnement fra 1. mars 2020 vil inneb\u00e6re og hvrfor den gjennomf\u00f8res","breadcrumb":{"@id":"https:\/\/happybytes.no\/bedrift\/endring-mars-2020\/#breadcrumb"},"inLanguage":"nb-NO","potentialAction":[{"@type":"ReadAction","target":["https:\/\/happybytes.no\/bedrift\/endring-mars-2020\/"]}]},{"@type":"ImageObject","inLanguage":"nb-NO","@id":"https:\/\/happybytes.no\/bedrift\/endring-mars-2020\/#primaryimage","url":"","contentUrl":""},{"@type":"BreadcrumbList","@id":"https:\/\/happybytes.no\/bedrift\/endring-mars-2020\/#breadcrumb","itemListElement":[{"@type":"ListItem","position":1,"name":"Hjem","item":"https:\/\/happybytes.no\/bedrift\/forside\/"},{"@type":"ListItem","position":2,"name":"Varsel om prisendring &#8211; mars 2020"}]},{"@type":"WebSite","@id":"https:\/\/happybytes.no\/bedrift\/#website","url":"https:\/\/happybytes.no\/bedrift\/","name":"Happybytes Bedrift","description":"Smart mobilabonnement \u2013 tilpasset din bedrift","publisher":{"@id":"https:\/\/happybytes.no\/bedrift\/#organization"},"potentialAction":[{"@type":"SearchAction","target":{"@type":"EntryPoint","urlTemplate":"https:\/\/happybytes.no\/bedrift\/?s={search_term_string}"},"query-input":{"@type":"PropertyValueSpecification","valueRequired":true,"valueName":"search_term_string"}}],"inLanguage":"nb-NO"},{"@type":"Organization","@id":"https:\/\/happybytes.no\/bedrift\/#organization","name":"Happybytes AS","url":"https:\/\/happybytes.no\/bedrift\/","logo":{"@type":"ImageObject","inLanguage":"nb-NO","@id":"https:\/\/happybytes.no\/bedrift\/#\/schema\/logo\/image\/","url":"https:\/\/happybytes.no\/bedrift\/wp-content\/uploads\/sites\/2\/2024\/06\/meta_bedrift-1.jpg","contentUrl":"https:\/\/happybytes.no\/bedrift\/wp-content\/uploads\/sites\/2\/2024\/06\/meta_bedrift-1.jpg","width":1920,"height":1080,"caption":"Happybytes AS"},"image":{"@id":"https:\/\/happybytes.no\/bedrift\/#\/schema\/logo\/image\/"}}]}},"_links":{"self":[{"href":"https:\/\/happybytes.no\/bedrift\/wp-json\/wp\/v2\/pages\/3535","targetHints":{"allow":["GET"]}}],"collection":[{"href":"https:\/\/happybytes.no\/bedrift\/wp-json\/wp\/v2\/pages"}],"about":[{"href":"https:\/\/happybytes.no\/bedrift\/wp-json\/wp\/v2\/types\/page"}],"author":[{"embeddable":true,"href":"https:\/\/happybytes.no\/bedrift\/wp-json\/wp\/v2\/users\/2"}],"replies":[{"embeddable":true,"href":"https:\/\/happybytes.no\/bedrift\/wp-json\/wp\/v2\/comments?post=3535"}],"version-history":[{"count":0,"href":"https:\/\/happybytes.no\/bedrift\/wp-json\/wp\/v2\/pages\/3535\/revisions"}],"wp:featuredmedia":[{"embeddable":true,"href":"https:\/\/happybytes.no\/bedrift\/wp-json\/"}],"wp:attachment":[{"href":"https:\/\/happybytes.no\/bedrift\/wp-json\/wp\/v2\/media?parent=3535"}],"curies":[{"name":"wp","href":"https:\/\/api.w.org\/{rel}","templated":true}]}}