

{"id":5663,"date":"2021-11-16T12:52:11","date_gmt":"2021-11-16T11:52:11","guid":{"rendered":"https:\/\/happybytes.no\/?page_id=5663"},"modified":"2021-11-16T12:52:11","modified_gmt":"2021-11-16T11:52:11","slug":"utportering","status":"publish","type":"page","link":"https:\/\/happybytes.no\/bedrift\/utportering\/","title":{"rendered":"Utportering"},"content":{"rendered":"\n<style type=\"text\/css\" data-created_by=\"avia_inline_auto\" id=\"style-css-av-jlxlxe2m-8b9d01cada898cdf5061ee5da7cfa0ed\">\n.avia-section.av-jlxlxe2m-8b9d01cada898cdf5061ee5da7cfa0ed{\nbackground-color:#faf9f7;\nbackground-image:unset;\n}\n.avia-section.av-jlxlxe2m-8b9d01cada898cdf5061ee5da7cfa0ed .av-section-color-overlay{\nopacity:0.9;\nbackground-color:#faf9f7;\n}\n<\/style>\n<div id='hb_page_header'  class='avia-section av-jlxlxe2m-8b9d01cada898cdf5061ee5da7cfa0ed main_color avia-section-default avia-no-border-styling  avia-builder-el-0  el_before_av_layout_row  avia-builder-el-first  avia-bg-style-scroll av-section-color-overlay-active av-minimum-height av-minimum-height-custom av-height-custom  container_wrap fullsize'   data-av_minimum_height_px='200'><div class=\"av-section-color-overlay-wrap\"><div class=\"av-section-color-overlay\"><\/div><div class='container av-section-cont-open' style='height:200px'><main  role=\"main\" itemprop=\"mainContentOfPage\"  class='template-page content  av-content-full alpha units'><div class='post-entry post-entry-type-page post-entry-5663'><div class='entry-content-wrapper clearfix'>\n\n<style type=\"text\/css\" data-created_by=\"avia_inline_auto\" id=\"style-css-av-kw210aj9-e3529471d948ed0590556b1f8294a82e\">\n#top .av-special-heading.av-kw210aj9-e3529471d948ed0590556b1f8294a82e{\nmargin:0px 0px 0px 0px;\npadding-bottom:0;\nfont-size:42px;\n}\nbody .av-special-heading.av-kw210aj9-e3529471d948ed0590556b1f8294a82e .av-special-heading-tag .heading-char{\nfont-size:25px;\n}\n#top #wrap_all .av-special-heading.av-kw210aj9-e3529471d948ed0590556b1f8294a82e .av-special-heading-tag{\nfont-size:42px;\n}\n.av-special-heading.av-kw210aj9-e3529471d948ed0590556b1f8294a82e .av-subheading{\nfont-size:20px;\n}\n\n@media only screen and (min-width: 480px) and (max-width: 767px){ \n#top #wrap_all .av-special-heading.av-kw210aj9-e3529471d948ed0590556b1f8294a82e .av-special-heading-tag{\nfont-size:0.8em;\n}\n}\n\n@media only screen and (max-width: 479px){ \n#top #wrap_all .av-special-heading.av-kw210aj9-e3529471d948ed0590556b1f8294a82e .av-special-heading-tag{\nfont-size:0.8em;\n}\n}\n<\/style>\n<div  class='av-special-heading av-kw210aj9-e3529471d948ed0590556b1f8294a82e av-special-heading-h1 blockquote modern-quote modern-centered  avia-builder-el-1  avia-builder-el-no-sibling  av-inherit-size'><h1 class='av-special-heading-tag'  itemprop=\"headline\"  >Praktisk informasjon ved utportering<\/h1><div class=\"special-heading-border\"><div class=\"special-heading-inner-border\"><\/div><\/div><\/div>\n\n<\/div><\/div><\/main><!-- close content main element --><\/div><\/div><\/div><div id='av-layout-grid-1'  class='av-layout-grid-container av-e88sml-eb2a918568f74b8ff2585ceb41c22c88 entry-content-wrapper main_color av-flex-cells  avia-builder-el-2  el_after_av_section  avia-builder-el-last  grid-row-not-first  container_wrap fullsize'  >\n<div class='flex_cell av-crhsfh-8bcb236efe972e426a48d2d80397ace2 av-gridrow-cell av_one_fourth no_margin  avia-builder-el-3  el_before_av_cell_one_half  avia-builder-el-first '  ><div class='flex_cell_inner'><\/div><\/div>\n<style type=\"text\/css\" data-created_by=\"avia_inline_auto\" id=\"style-css-av-15ks25-54d247b58c72474640f22cbf86646d31\">\n.flex_cell.av-15ks25-54d247b58c72474640f22cbf86646d31{\nvertical-align:top;\n}\n.responsive #top #wrap_all .flex_cell.av-15ks25-54d247b58c72474640f22cbf86646d31{\npadding:0px 30px 0px 30px !important;\n}\n<\/style>\n<div class='flex_cell av-15ks25-54d247b58c72474640f22cbf86646d31 av-gridrow-cell av_one_half no_margin  avia-builder-el-4  el_after_av_cell_one_fourth  el_before_av_cell_one_fourth '  ><div class='flex_cell_inner'>\n<style type=\"text\/css\" data-created_by=\"avia_inline_auto\" id=\"style-css-av-l7txv-53a09f546f099ff9295509b6a3d098b0\">\n#top .flex_column.av-l7txv-53a09f546f099ff9295509b6a3d098b0{\nmargin-top:0px;\nmargin-bottom:30px;\n}\n.flex_column.av-l7txv-53a09f546f099ff9295509b6a3d098b0{\nborder-radius:0px 0px 0px 0px;\npadding:0px 0px 0px 0px;\n}\n.responsive #top #wrap_all .flex_column.av-l7txv-53a09f546f099ff9295509b6a3d098b0{\nmargin-top:0px;\nmargin-bottom:30px;\n}\n<\/style>\n<div  class='flex_column av-l7txv-53a09f546f099ff9295509b6a3d098b0 av_one_full  avia-builder-el-5  avia-builder-el-no-sibling  first flex_column_div av-animated-generic fade-in av-zero-column-padding  '     ><p>\n<style type=\"text\/css\" data-created_by=\"avia_inline_auto\" id=\"style-css-av-kwuoxnh6-062204ee9461c32ceb036806b81721b4\">\n#top .hr.hr-invisible.av-kwuoxnh6-062204ee9461c32ceb036806b81721b4{\nmargin-top:-20px;\nheight:1px;\n}\n<\/style>\n<div  class='hr av-kwuoxnh6-062204ee9461c32ceb036806b81721b4 hr-invisible  avia-builder-el-6  el_before_av_textblock  avia-builder-el-first  av-desktop-hide av-medium-hide'><span class='hr-inner '><span class=\"hr-inner-style\"><\/span><\/span><\/div><br \/>\n<section  class='av_textblock_section av-jlxmi1s3-be87ab05fdc5e1d959276bab36679b6a '   itemscope=\"itemscope\" itemtype=\"https:\/\/schema.org\/CreativeWork\" ><div class='avia_textblock'  itemprop=\"text\" ><p>Du har (dessverre) meldt overf\u00f8ring av ditt nummer til en ny operat\u00f8r. I den forbindelse er det greit \u00e5 huske p\u00e5:<\/p>\n<p><strong>Abonnement og faktura<\/strong><br \/>\nAbonnementet ditt hos oss blir fakturert for hver p\u00e5begynte m\u00e5ned. Vi anbefaler derfor \u00e5 overf\u00f8re abonnementet s\u00e5 sent i m\u00e5neden som mulig, (helst siste dag i innev\u00e6rende m\u00e5ned) for \u00e5 f\u00e5 mest mulig ut av abonnementet ditt.<\/p>\n<p><strong>Vil du gi oss en tilbakemelding p\u00e5 hvorfor du forlater oss?<br \/>\n<\/strong>I s\u00e5 fall vil sette pris p\u00e5 \u00e5 <a href=\"mailto:kundeservice@happybytes.no\">h\u00f8re fra deg her<\/a><\/p>\n<p>Takk for at du valgte Happybytes, vi h\u00e5per \u00e5 se deg som kunde en gang i fremtiden.<\/p>\n<p>Med vennlig hilsen<br \/>\nHappybytes<\/p>\n<\/div><\/section><\/p><\/div>\n<\/div><\/div>\n<style type=\"text\/css\" data-created_by=\"avia_inline_auto\" id=\"style-css-av-2lgpfh-586f7e52fe8576dec719f2353adeb0bb\">\n.flex_cell.av-2lgpfh-586f7e52fe8576dec719f2353adeb0bb{\nvertical-align:top;\n}\n.responsive #top #wrap_all .flex_cell.av-2lgpfh-586f7e52fe8576dec719f2353adeb0bb{\npadding:30px 30px 30px 30px !important;\n}\n<\/style>\n<div class='flex_cell av-2lgpfh-586f7e52fe8576dec719f2353adeb0bb av-gridrow-cell av_one_fourth no_margin  avia-builder-el-8  el_after_av_cell_one_half  avia-builder-el-last '  ><div class='flex_cell_inner'><\/div><\/div><\/div>\n","protected":false},"excerpt":{"rendered":"<p>Informasjon om utportering<\/p>\n","protected":false},"author":2,"featured_media":3567,"parent":0,"menu_order":0,"comment_status":"closed","ping_status":"open","template":"","meta":{"inline_featured_image":false,"footnotes":""},"class_list":["post-5663","page","type-page","status-publish","has-post-thumbnail","hentry"],"yoast_head":"<!-- This site is optimized with the Yoast SEO plugin v24.5 - https:\/\/yoast.com\/wordpress\/plugins\/seo\/ -->\n<title>Utportering | Happybytes Bedrift<\/title>\n<meta name=\"description\" content=\"Praktisk informajon rundt utportering\" \/>\n<meta name=\"robots\" content=\"index, follow, max-snippet:-1, max-image-preview:large, max-video-preview:-1\" \/>\n<link rel=\"canonical\" href=\"https:\/\/happybytes.no\/bedrift\/utportering\/\" \/>\n<meta property=\"og:locale\" content=\"nb_NO\" \/>\n<meta property=\"og:type\" content=\"article\" \/>\n<meta property=\"og:title\" content=\"Utportering | Happybytes\" \/>\n<meta property=\"og:description\" content=\"Informasjon om utportering\" \/>\n<meta property=\"og:url\" content=\"https:\/\/happybytes.no\/bedrift\/utportering\/\" \/>\n<meta property=\"og:site_name\" content=\"Happybytes Bedrift\" \/>\n<meta property=\"og:image\" content=\"https:\/\/happybytes.no\/bedrift\/wp-content\/uploads\/sites\/2\/2024\/06\/hb_bedrift_front_sectionimage_01-1.jpg\" \/>\n\t<meta property=\"og:image:width\" content=\"1920\" \/>\n\t<meta property=\"og:image:height\" content=\"1280\" \/>\n\t<meta property=\"og:image:type\" content=\"image\/jpeg\" \/>\n<meta name=\"twitter:card\" content=\"summary_large_image\" \/>\n<meta name=\"twitter:title\" content=\"Utportering | Happybytes\" \/>\n<meta name=\"twitter:description\" content=\"Informasjon om utportering\" \/>\n<meta name=\"twitter:label1\" content=\"Ansl. lesetid\" \/>\n\t<meta name=\"twitter:data1\" content=\"4 minutter\" \/>\n<script type=\"application\/ld+json\" class=\"yoast-schema-graph\">{\"@context\":\"https:\/\/schema.org\",\"@graph\":[{\"@type\":\"WebPage\",\"@id\":\"https:\/\/happybytes.no\/bedrift\/utportering\/\",\"url\":\"https:\/\/happybytes.no\/bedrift\/utportering\/\",\"name\":\"Utportering | Happybytes Bedrift\",\"isPartOf\":{\"@id\":\"https:\/\/happybytes.no\/bedrift\/#website\"},\"primaryImageOfPage\":{\"@id\":\"https:\/\/happybytes.no\/bedrift\/utportering\/#primaryimage\"},\"image\":{\"@id\":\"https:\/\/happybytes.no\/bedrift\/utportering\/#primaryimage\"},\"thumbnailUrl\":\"\",\"datePublished\":\"2021-11-16T11:52:11+00:00\",\"description\":\"Praktisk informajon rundt utportering\",\"breadcrumb\":{\"@id\":\"https:\/\/happybytes.no\/bedrift\/utportering\/#breadcrumb\"},\"inLanguage\":\"nb-NO\",\"potentialAction\":[{\"@type\":\"ReadAction\",\"target\":[\"https:\/\/happybytes.no\/bedrift\/utportering\/\"]}]},{\"@type\":\"ImageObject\",\"inLanguage\":\"nb-NO\",\"@id\":\"https:\/\/happybytes.no\/bedrift\/utportering\/#primaryimage\",\"url\":\"\",\"contentUrl\":\"\"},{\"@type\":\"BreadcrumbList\",\"@id\":\"https:\/\/happybytes.no\/bedrift\/utportering\/#breadcrumb\",\"itemListElement\":[{\"@type\":\"ListItem\",\"position\":1,\"name\":\"Hjem\",\"item\":\"https:\/\/happybytes.no\/bedrift\/forside\/\"},{\"@type\":\"ListItem\",\"position\":2,\"name\":\"Utportering\"}]},{\"@type\":\"WebSite\",\"@id\":\"https:\/\/happybytes.no\/bedrift\/#website\",\"url\":\"https:\/\/happybytes.no\/bedrift\/\",\"name\":\"Happybytes Bedrift\",\"description\":\"Smart mobilabonnement \u2013 tilpasset din bedrift\",\"publisher\":{\"@id\":\"https:\/\/happybytes.no\/bedrift\/#organization\"},\"potentialAction\":[{\"@type\":\"SearchAction\",\"target\":{\"@type\":\"EntryPoint\",\"urlTemplate\":\"https:\/\/happybytes.no\/bedrift\/?s={search_term_string}\"},\"query-input\":{\"@type\":\"PropertyValueSpecification\",\"valueRequired\":true,\"valueName\":\"search_term_string\"}}],\"inLanguage\":\"nb-NO\"},{\"@type\":\"Organization\",\"@id\":\"https:\/\/happybytes.no\/bedrift\/#organization\",\"name\":\"Happybytes AS\",\"url\":\"https:\/\/happybytes.no\/bedrift\/\",\"logo\":{\"@type\":\"ImageObject\",\"inLanguage\":\"nb-NO\",\"@id\":\"https:\/\/happybytes.no\/bedrift\/#\/schema\/logo\/image\/\",\"url\":\"https:\/\/happybytes.no\/bedrift\/wp-content\/uploads\/sites\/2\/2024\/06\/meta_bedrift-1.jpg\",\"contentUrl\":\"https:\/\/happybytes.no\/bedrift\/wp-content\/uploads\/sites\/2\/2024\/06\/meta_bedrift-1.jpg\",\"width\":1920,\"height\":1080,\"caption\":\"Happybytes AS\"},\"image\":{\"@id\":\"https:\/\/happybytes.no\/bedrift\/#\/schema\/logo\/image\/\"}}]}<\/script>\n<!-- \/ Yoast SEO plugin. -->","yoast_head_json":{"title":"Utportering | Happybytes Bedrift","description":"Praktisk informajon rundt utportering","robots":{"index":"index","follow":"follow","max-snippet":"max-snippet:-1","max-image-preview":"max-image-preview:large","max-video-preview":"max-video-preview:-1"},"canonical":"https:\/\/happybytes.no\/bedrift\/utportering\/","og_locale":"nb_NO","og_type":"article","og_title":"Utportering | Happybytes","og_description":"Informasjon om utportering","og_url":"https:\/\/happybytes.no\/bedrift\/utportering\/","og_site_name":"Happybytes Bedrift","og_image":[{"width":1920,"height":1280,"url":"https:\/\/happybytes.no\/bedrift\/wp-content\/uploads\/sites\/2\/2024\/06\/hb_bedrift_front_sectionimage_01-1.jpg","type":"image\/jpeg"}],"twitter_card":"summary_large_image","twitter_title":"Utportering | Happybytes","twitter_description":"Informasjon om utportering","twitter_misc":{"Ansl. lesetid":"4 minutter"},"schema":{"@context":"https:\/\/schema.org","@graph":[{"@type":"WebPage","@id":"https:\/\/happybytes.no\/bedrift\/utportering\/","url":"https:\/\/happybytes.no\/bedrift\/utportering\/","name":"Utportering | Happybytes Bedrift","isPartOf":{"@id":"https:\/\/happybytes.no\/bedrift\/#website"},"primaryImageOfPage":{"@id":"https:\/\/happybytes.no\/bedrift\/utportering\/#primaryimage"},"image":{"@id":"https:\/\/happybytes.no\/bedrift\/utportering\/#primaryimage"},"thumbnailUrl":"","datePublished":"2021-11-16T11:52:11+00:00","description":"Praktisk informajon rundt utportering","breadcrumb":{"@id":"https:\/\/happybytes.no\/bedrift\/utportering\/#breadcrumb"},"inLanguage":"nb-NO","potentialAction":[{"@type":"ReadAction","target":["https:\/\/happybytes.no\/bedrift\/utportering\/"]}]},{"@type":"ImageObject","inLanguage":"nb-NO","@id":"https:\/\/happybytes.no\/bedrift\/utportering\/#primaryimage","url":"","contentUrl":""},{"@type":"BreadcrumbList","@id":"https:\/\/happybytes.no\/bedrift\/utportering\/#breadcrumb","itemListElement":[{"@type":"ListItem","position":1,"name":"Hjem","item":"https:\/\/happybytes.no\/bedrift\/forside\/"},{"@type":"ListItem","position":2,"name":"Utportering"}]},{"@type":"WebSite","@id":"https:\/\/happybytes.no\/bedrift\/#website","url":"https:\/\/happybytes.no\/bedrift\/","name":"Happybytes Bedrift","description":"Smart mobilabonnement \u2013 tilpasset din bedrift","publisher":{"@id":"https:\/\/happybytes.no\/bedrift\/#organization"},"potentialAction":[{"@type":"SearchAction","target":{"@type":"EntryPoint","urlTemplate":"https:\/\/happybytes.no\/bedrift\/?s={search_term_string}"},"query-input":{"@type":"PropertyValueSpecification","valueRequired":true,"valueName":"search_term_string"}}],"inLanguage":"nb-NO"},{"@type":"Organization","@id":"https:\/\/happybytes.no\/bedrift\/#organization","name":"Happybytes AS","url":"https:\/\/happybytes.no\/bedrift\/","logo":{"@type":"ImageObject","inLanguage":"nb-NO","@id":"https:\/\/happybytes.no\/bedrift\/#\/schema\/logo\/image\/","url":"https:\/\/happybytes.no\/bedrift\/wp-content\/uploads\/sites\/2\/2024\/06\/meta_bedrift-1.jpg","contentUrl":"https:\/\/happybytes.no\/bedrift\/wp-content\/uploads\/sites\/2\/2024\/06\/meta_bedrift-1.jpg","width":1920,"height":1080,"caption":"Happybytes AS"},"image":{"@id":"https:\/\/happybytes.no\/bedrift\/#\/schema\/logo\/image\/"}}]}},"_links":{"self":[{"href":"https:\/\/happybytes.no\/bedrift\/wp-json\/wp\/v2\/pages\/5663","targetHints":{"allow":["GET"]}}],"collection":[{"href":"https:\/\/happybytes.no\/bedrift\/wp-json\/wp\/v2\/pages"}],"about":[{"href":"https:\/\/happybytes.no\/bedrift\/wp-json\/wp\/v2\/types\/page"}],"author":[{"embeddable":true,"href":"https:\/\/happybytes.no\/bedrift\/wp-json\/wp\/v2\/users\/2"}],"replies":[{"embeddable":true,"href":"https:\/\/happybytes.no\/bedrift\/wp-json\/wp\/v2\/comments?post=5663"}],"version-history":[{"count":0,"href":"https:\/\/happybytes.no\/bedrift\/wp-json\/wp\/v2\/pages\/5663\/revisions"}],"wp:featuredmedia":[{"embeddable":true,"href":"https:\/\/happybytes.no\/bedrift\/wp-json\/"}],"wp:attachment":[{"href":"https:\/\/happybytes.no\/bedrift\/wp-json\/wp\/v2\/media?parent=5663"}],"curies":[{"name":"wp","href":"https:\/\/api.w.org\/{rel}","templated":true}]}}